 What is the greatest common divisor of s and 760?
40
Suppose 15 = 26*n - 271. What is the greatest common divisor of 1 and n?
1
Let x(f) = -7*f**2 - 9*f**2 + f**3 - f + 15*f**2 + 0 + 3. Let k be x(0). Calculate the greatest common divisor of k and 3.
3
Suppose -3*u = q - 92, 3*u + 4*q - 48 = u. Calculate the greatest common divisor of 104 and u.
8
Let w(v) = -v**3 + 17*v**2 - 22*v + 6. Let j be w(15). Suppose -r - j = -4*r. What is the highest common divisor of r and 21?
21
Suppose 3*w = -3*a - 3 + 6, -3*a + 9 = w. Suppose 4*f = a + 36. Calculate the highest common factor of f and 90.
10
Let j(p) = -2*p**3 + 20*p**2 + 2*p - 3. Let g be j(10). Suppose -5*o + 152 = -443. Calculate the highest common factor of g and o.
17
Let g = 41 + -35. Let l = g + 24. What is the greatest common factor of l and 20?
10
Let o(j) = j**2 + 6*j + 11. Let c be o(-6). Let l = c - 9. What is the highest common factor of l and 14?
2
Let k(g) = 5*g + 2*g + 8 - 1. Let a(d) = d**3 - 40*d**2 + 3*d - 111. Let z be a(40). Let s be k(z). What is the greatest common divisor of s and 14?
14
Suppose -2 = 2*p + 8. Let f be (16/(-10) + 1)*p. Suppose -5*d = -4*z - 155, 8*d = 10*d + z - 49. Calculate the highest common divisor of f and d.
3
Suppose 0 = 2*q - 12. Let k(l) be the second derivative of l**4/3 + l**3/6 - l**2/2 + 4*l. Let a be k(1). Calculate the greatest common factor of a and q.
2
Suppose 5*v = 5*q + 9*v - 314, -q = v - 63. What is the highest common divisor of 434 and q?
62
Let r = 2 - 0. Let w(f) = 2*f**2 - f**r - 5*f + 16 - f**2 - f**2. Let h be w(-7). What is the highest common divisor of 2 and h?
2
Suppose -2*g = 1 - 5. Suppose 5*r + 2*d - 20 = 0, -g*r + 4*d + 3 = -5. Calculate the highest common divisor of r and 1.
1
Let c = 78 - 48. Let f be (c/(-20))/(6/(-232)). Let h be -1*3 - -2 - -30. Calculate the highest common factor of f and h.
29
Let l(o) = 40*o - 34. Let j be l(2). What is the highest common divisor of j and 1886?
46
Suppose -6*h = -2*h + 4*t + 1440, 0 = -3*h - t - 1070. Let s = h + 505. Suppose -6*u + u = -s. What is the highest common factor of u and 15?
15
Let y be -4 - (-3 + 11 + 3). Let u be 1 - (-5)/(y/63). Let n = u - -26. What is the greatest common divisor of 48 and n?
6
Let s = -2116 + 2232. Calculate the greatest common factor of 52 and s.
4
Let c = 48 + -5. Suppose -153 + c = -5*g. Calculate the greatest common divisor of g and 44.
22
Let p = 1 - -2. Suppose o - v - 12 = -3*o, p*v = 2*o - 6. Let i be 3 + (o - 3 - -2). What is the greatest common divisor of 10 and i?
5
Let i(t) = -14*t - 1. Let a be i(-1). Suppose 0*p + 3*p - 351 = 0. Calculate the highest common factor of p and a.
13
Let p(v) = -v**2 - 11*v - 5. Let o be p(-10). Let a(u) = u**2 + 1 + o*u + u**2 - u**2. Let c be a(-5). Calculate the greatest common factor of c and 9.
1
Suppose -7*s + 96 = 5*s. Suppose 2*y + 3*c = 173, -y = c + c - 86. Calculate the highest common divisor of s and y.
8
Suppose 0*r + 3*r - l - 10 = 0, -3*l = 5*r - 12. Suppose -37 - 15 = -5*d + r*o, d - 2*o = 9. Calculate the greatest common factor of d and 77.
11
Let l(h) = 12*h + 6. Let k be l(1). Suppose -3*n + 380 = 2. What is the greatest common factor of n and k?
18
Suppose 49 = -7*z + 364. Let f = z - 37. What is the highest common divisor of f and 32?
8
Let h(t) be the second derivative of -t**5/20 - t**4/2 - t**3/3 + 2*t**2 + 42*t. Let f be h(-6). What is the greatest common divisor of 20 and f?
4
Let i(t) = -29*t - 18. Let h(q) = -59*q - 36. Let y(l) = -2*h(l) + 5*i(l). Let d be y(-9). What is the greatest common divisor of d and 25?
25
Let y = 3786 - 1868. Calculate the highest common divisor of 14 and y.
14
Suppose 5*b = 10, 7*z - 6*z - 17 = -b. Let s be z + -13 - (-1 - (-26)/(-2)). Calculate the greatest common factor of s and 8.
8
Let t = 18 + 82. Calculate the greatest common divisor of t and 10.
10
Let m be ((-3)/(-4))/((-19)/(-9576)). What is the greatest common divisor of m and 70?
14
Let g(x) = -4*x + 11. Let v be g(-4). Let s = 33 - v. What is the greatest common divisor of s and 6?
6
Let w = -468 + 524. What is the highest common factor of w and 140?
28
Suppose 4*f + 2*d - 39 = 53, -f + 34 = -5*d. Let w = f + -22. Calculate the greatest common divisor of 14 and w.
2
Let m(k) = 3*k**2 - 2*k - 3. Let f be m(3). Let i(p) = -2*p**3 - 31*p**2 - 27*p + 18. Let b be i(-15). Calculate the greatest common divisor of b and f.
18
Let w(j) = 3*j**2 + 10*j + 4. Let s be w(-4). Suppose 0 = 3*b - 24 - s. Calculate the highest common factor of b and 12.
12
Suppose 4*w - 6365 = n, -5*w - 47*n = -48*n - 7956. Calculate the highest common factor of w and 43.
43
Suppose 2*n + 2*a + 576 = 0, n + 1176 = -3*n + 2*a. Let b = -40 - n. What is the highest common factor of b and 28?
28
Let u be (-804)/(-27) + 2/9. Let n = 46 + u. Suppose -4*g - 4 = -n. What is the greatest common factor of 54 and g?
18
Suppose 0 = -4*z + 5*f + 2283, 2*z + 5*f + 348 - 1497 = 0. Calculate the greatest common factor of 104 and z.
52
Suppose 5*m + 3*z + 253 = -77, 2*m - z = -143. Let p be (-1 + m)/(1 - 3). Calculate the greatest common divisor of 14 and p.
7
Suppose -144 = 3*u - 2*f, f - 37 = u + 11. Let m be (-1)/3 - u/9. Let i be (3/m)/((-1)/(-55)). What is the highest common divisor of i and 264?
33
Let m(u) = u**2 - 3*u - 8. Let l be m(6). Suppose -2*g = -4*g + l. Let a = -22 + 42. What is the highest common factor of g and a?
5
Suppose 22*b = 8*b + 4200. What is the highest common factor of b and 15?
15
Let m be -34*(-3 + 2)*(-2)/(-2). Suppose 6*t - 82 = -k + 3*t, -173 = -2*k + 3*t. What is the greatest common divisor of k and m?
17
Let l = -12 + 21. Let x = -257 + 266. What is the highest common factor of x and l?
9
Let v(k) = 4*k**2 - 5*k + 15. Let i be v(3). Calculate the highest common factor of 45 and i.
9
Let x be -2 - ((-11 - -1) + (-9 - -12)). Suppose x*t + 13 = 83. What is the highest common divisor of 112 and t?
14
Let s(m) be the third derivative of 5*m**4/24 - 25*m**3/6 - 13*m**2. Let x be s(11). Calculate the highest common divisor of 10 and x.
10
Let m be (-4*(-38)/(-4))/((-4)/2). Calculate the highest common divisor of 38 and m.
19
Suppose -93 = -3*w - i + 88, -i = 5*w - 301. Suppose -2*x + 2*q + 396 = -934, 0 = 3*x + 2*q - 1970. Calculate the highest common divisor of x and w.
60
Suppose -29*k + 380 = -10*k. Calculate the highest common divisor of k and 520.
20
Suppose -3*r = -8*r - 2135. Let d be r/(-21) + 2/(-6). Calculate the highest common factor of d and 40.
20
Let h(k) = 2*k**2 - 10*k. Let a be h(7). Let w = 1040 - 690. Suppose -6*p = -p - w. What is the greatest common divisor of p and a?
14
Suppose -7 = -g - 3. Suppose -23*q + 12*q + 84 = 3*q. Calculate the greatest common factor of g and q.
2
Let x = -11 + 18. Let z(h) = -h**2 + 8*h + 9. Let c be z(x). Calculate the highest common divisor of c and 4.
4
Let w be -2 - (-4*3)/2. Let g be 66/w*4/(-6). Let u = g + 18. What is the highest common factor of u and 35?
7
Let d = 271 + -235. Calculate the greatest common factor of 96 and d.
12
Suppose 0 = 20*h + 5*h - 6900. Calculate the greatest common divisor of 4 and h.
4
Let f be (0 - (-12 + 1)) + (-11 - -13). Let k be 4295/30 + 1/(-6). What is the greatest common factor of f and k?
13
Suppose -24*k + 236 = -52. Calculate the greatest common divisor of 4 and k.
4
Suppose 257 = 9*o - 40. Let y(q) = -5*q + 1. Let r be y(-2). Suppose 5*w - 66 = -r. Calculate the greatest common factor of w and o.
11
Let i = -1438 + 1496. What is the highest common factor of i and 1334?
58
Let f = -274 + 435. Calculate the highest common divisor of f and 92.
23
Suppose -3*j = -28 + 16. What is the greatest common divisor of j and 10?
2
Suppose -19*y + 1297 - 233 = 0. What is the greatest common divisor of 420 and y?
28
Let h(x) = 13*x + 153. Let z be h(-6). Calculate the greatest common divisor of 60 and z.
15
Let p = 117 + -97. Calculate the highest common factor of 35 and p.
5
Let a = -7 + 11. Suppose -5*h = -4*i - 179, -3*i - 148 + 5 = -a*h. Calculate the highest common factor of h and 385.
35
Suppose 11*n - 1344 = -5*n. What is the highest common factor of 231 and n?
21
Suppose -4*u + 4*w - 64 = 0, 5*w = 4*u - u + 48. Let v = 27 + u. Calculate the highest common divisor of 88 and v.
11
Suppose -4*u + q = -143, -105 = -3*u + 